t common divisor of 2443 and 728.
7
Calculate the highest common factor of 216 and 1651472.
8
What is the greatest common factor of 357664761 and 27?
27
What is the greatest common divisor of 36053 and 682?
31
What is the greatest common factor of 1944 and 51624?
216
What is the greatest common divisor of 67797 and 250047?
729
Calculate the greatest common factor of 2709761 and 95.
19
Calculate the highest common factor of 2 and 9119414.
2
What is the highest common divisor of 1221 and 5006991?
33
What is the greatest common divisor of 232675 and 100655?
205
What is the greatest common divisor of 1468 and 29167692?
1468
What is the highest common factor of 156 and 33044052?
12
What is the greatest common factor of 120 and 14380680?
120
Calculate the greatest common divisor of 1190 and 241379005.
595
What is the greatest common divisor of 43522312 and 323?
323
What is the highest common divisor of 22418396 and 10180?
2036
Calculate the greatest common factor of 255227 and 279167.
133
What is the greatest common divisor of 3980 and 139711532?
796
What is the greatest common divisor of 6957 and 536661?
9
Calculate the highest common divisor of 19039710 and 25.
5
Calculate the greatest common factor of 120619065 and 3150.
105
What is the highest common divisor of 6056131 and 17?
17
Calculate the greatest common divisor of 2110 and 54272365.
1055
Calculate the highest common factor of 1419 and 36255923.
473
What is the greatest common factor of 942 and 19295457?
471
What is the greatest common factor of 299470030 and 54850?
10970
What is the greatest common divisor of 136874835 and 75?
15
Calculate the greatest common factor of 1456 and 799429072.
208
What is the highest common factor of 109104 and 206224?
16
What is the greatest common factor of 174 and 105667851?
87
Calculate the greatest common divisor of 148 and 95466919.
37
Calculate the greatest common divisor of 4532714 and 1476.
82
What is the highest common divisor of 2199693 and 1086?
543
What is the highest common divisor of 13767978 and 54?
6
What is the highest common divisor of 1120 and 654290?
70
Calculate the greatest common factor of 167 and 38284249.
167
Calculate the greatest common divisor of 2435303 and 2183.
37
What is the greatest common factor of 175560 and 34035?
15
What is the highest common divisor of 3264 and 428298?
102
What is the greatest common divisor of 69732 and 1216734?
894
What is the highest common factor of 82640 and 63920?
80
Calculate the greatest common factor of 4137 and 80538525.
591
Calculate the highest common divisor of 1419291 and 182043.
1611
Calculate the greatest common factor of 18 and 5953854.
6
Calculate the highest common factor of 47792 and 113094.
206
Calculate the greatest common divisor of 40781617 and 79.
79
What is the highest common factor of 522 and 8050226?
58
Calculate the greatest common divisor of 18486812 and 292.
292
Calculate the greatest common divisor of 6313 and 5104007.
107
What is the highest common divisor of 452805 and 9885?
15
Calculate the highest common factor of 9690 and 542334.
102
Calculate the greatest common factor of 3064550 and 6250.
50
What is the greatest common divisor of 4623 and 78455392?
1541
Calculate the greatest common divisor of 23909580 and 30780.
1620
Calculate the greatest common divisor of 882 and 25263714.
294
Calculate the greatest common divisor of 4945688 and 8.
8
Calculate the highest common divisor of 11340 and 654605.
35
Calculate the highest common factor of 550298 and 6440.
322
Calculate the highest common divisor of 632226 and 777.
21
Calculate the greatest common divisor of 726 and 188464881.
363
Calculate the greatest common factor of 13890 and 13988370.
30
What is the greatest common divisor of 94870 and 638135?
895
What is the highest common divisor of 52534544 and 50692?
2204
What is the greatest common divisor of 852 and 16012428?
12
Calculate the greatest common factor of 36675 and 2425.
25
What is the greatest common factor of 13072 and 3397903?
817
What is the highest common divisor of 466416273 and 3?
3
What is the greatest common factor of 1115574 and 90?
6
What is the greatest common divisor of 31558 and 1539243?
31
What is the greatest common divisor of 99 and 9895787?
11
What is the greatest common divisor of 28710 and 12499290?
2610
Calculate the greatest common divisor of 6678 and 1693055532.
2226
What is the highest common divisor of 28733 and 21181?
59
What is the highest common divisor of 18952220 and 560?
140
What is the greatest common divisor of 19008 and 18502506?
594
Calculate the greatest common factor of 350410 and 45292.
134
What is the highest common factor of 48762 and 23814?
1134
Calculate the greatest common factor of 16965814 and 4.
2
What is the greatest common factor of 7282 and 3052?
2
What is the greatest common divisor of 741942 and 1359522?
846
What is the greatest common divisor of 23836 and 852196?
236
Calculate the greatest common factor of 338 and 319190560.
26
Calculate the highest common factor of 573232660 and 8905.
8905
What is the highest common divisor of 4 and 30793100?
4
Calculate the greatest common factor of 15364 and 50752302.
334
What is the greatest common divisor of 508497 and 2280?
57
Calculate the highest common factor of 531050 and 5719.
817
What is the greatest common factor of 67030 and 12620?
10
What is the greatest common factor of 7204832 and 1059317?
3691
What is the highest common factor of 46116600 and 840?
120
What is the highest common divisor of 16958 and 88938?
122
Calculate the highest common factor of 3078 and 2786274.
342
What is the greatest common divisor of 8349 and 385572?
759
Calculate the highest common divisor of 70594710 and 20.
10
Calculate the greatest common factor of 3647 and 290957660.
3647
Calculate the greatest common divisor of 3975 and 970725.
75
Calculate the highest common factor of 1558 and 3798158.
82
Calculate the highest common divisor of 3180 and 810600020.
1060
What is the highest common divisor of 120477350 and 50?
50
What is the greatest common divisor of 56 and 1129708?
4
What is the greatest common divisor of 360840 and 57540?
60
Calculate the highest common divisor of 7685 and 4543024.
29
What is the greatest common divisor of 78631 and 497?
7
Calculate the greatest common divisor of 51 and 54729341.
17
Calculate the greatest common factor of 279113 and 3053.
43
What is the greatest common divisor of 2537 and 10896716?
43
Calculate the highest common factor of 42905492 and 86272.
1348
What is the highest common factor of 441 and 172359313?
49
Calculate the greatest common divisor of 115402 and 29435753.
8243
What is the greatest common divisor of 6328350 and 1275?
75
What is the highest common divisor of 1632798 and 52488?
162
What is the greatest common factor of 98172951 and 37?
37
What is the greatest common divisor of 615 and 11208735?
15
Calculate the greatest common factor of 19000 and 1609775.
475
Calculate the greatest common divisor of 43 and 24381559.
43
What is the greatest common factor of 1579032 and 1400?
56
Calculate the highest common divisor of 3389568 and 51701.
1261
Calculate the highest common factor of 345433867 and 2038.
1019
Calculate the highest common factor of 43935 and 3422.
29
What is the greatest common divisor of 135 and 536756580?
45
Calculate the highest common divisor of 137602 and 129898.
214
Calculate the highest common factor of 583499 and 112.
7
Calculate the greatest common divisor of 11375 and 1769264.
7
What is the greatest common factor of 375995506 and 1142?
1142
Calculate the greatest common divisor of 816654 and 16113.
393
Calculate the greatest common divisor of 4732066 and 345.
23
What is the greatest common factor of 20 and 406120280?
20
What is the greatest common factor of 17579987 and 905?
181
Calculate the greatest common factor of 5472685 and 10.
5
Calculate the highest common divisor of 150398772 and 4.
4
What is the greatest common divisor of 1740205 and 2635?
85
What is the greatest common divisor of 369 and 5222949?
123
What is the greatest common divisor of 1865444 and 117096?
476
Calculate the highest common factor of 273 and 92841567.
273
What is the highest common divisor of 516 and 5784?
12
What is the highest common facto